est common divisor of c and j?
3
Let p(n) = 12 + 6*n**2 - 1 + n**3 - n + 7*n - 1. Let o be p(-5). What is the highest common factor of 5 and o?
5
Suppose -t + 150 = 5*v, 254 + 94 = 2*t - 2*v. Suppose 5*b = 5*z + t, -4*b - 2*z + 97 + 63 = 0. What is the highest common divisor of b and 76?
38
Let l be (-15)/6*-2*-1. Let s = l + 9. Let w(o) = o**2 - 3*o + 2. Let f be w(s). What is the highest common divisor of f and 2?
2
Suppose -4*v + 0*o = -o - 47, v - 2*o - 10 = 0. Let m be (-40)/v*(-3)/2. Calculate the greatest common divisor of m and 55.
5
Let m be (243/2)/((-55)/(-110)). What is the greatest common divisor of 27 and m?
27
Let o(q) = 6*q**2 + 5*q + 2. Let m be o(-2). Let a = m - 8. Let l be 12*5*(-6)/(-9). Calculate the highest common factor of a and l.
8
Let y(o) = 2*o**3 - 56*o**2 + 53*o + 41. Let v be y(27). What is the greatest common factor of 245 and v?
7
Suppose 0 = -b + 4*n + 42, -b - n - 2 = -39. Calculate the greatest common divisor of b and 323.
19
Let g = -54 + 74. Let s be (-42)/(-2 + g/16). What is the greatest common divisor of s and 14?
14
Suppose -2*a = 2*z + 65 - 359, 0 = 3*z - 2*a - 426. What is the highest common factor of z and 18?
18
Let r(y) = 80*y - 150. Let u be r(4). Calculate the greatest common factor of u and 20.
10
Let f be (-4)/20 - 42/(-10). Suppose f*z + 1649 + 111 = 0. Let t be 30/25*z/(-6). What is the highest common factor of t and 8?
8
Let g(n) = 18*n - 94. Let f be g(13). What is the highest common factor of f and 105?
35
Let g = -7688 - -7706. Let m = 6 + -3. Let i be ((-5)/m)/((-3)/81). Calculate the greatest common divisor of g and i.
9
Suppose m + o = 2*m + 26, -3*o = 2*m + 32. Let k = 134 + m. Calculate the highest common factor of k and 16.
16
Suppose -3*x = a - 20, -3*x - 22 = -a + 16. Suppose -3*s + a = -4. What is the greatest common factor of s and 33?
11
Suppose -2*f - 12*r + 395 = -11*r, 1000 = 5*f + 5*r. Calculate the greatest common factor of f and 39.
39
Suppose 2*i - 6 = 0, -7*x - 208 = -3*x - 4*i. Let z be (x/(-42))/((-3)/(-18)). What is the greatest common factor of 49 and z?
7
Suppose -4*h - 343 + 419 = 0. What is the highest common factor of 247 and h?
19
Let l(h) = h**2 - 14*h - 33. Let m be l(16). Let k be (-13)/((m - 2) + 2). Calculate the highest common divisor of k and 52.
13
Let o(g) = g**3 + 2*g**2 - 144. Let s be o(0). Let y be (-4)/18 - 5072/s. Calculate the greatest common factor of 7 and y.
7
Suppose 0 = 2*t - a - 105 + 457, -3*a + 360 = -2*t. Let r be t/30 + (-8)/(-10). Let x be 68/10*(-25)/r. Calculate the highest common divisor of x and 51.
17
Let j = 6 - 1. Suppose -t = -j*x - 94, 0 = -0*t + t + 4*x - 112. Let o be (((-1)/(-2))/1)/(13/338). What is the highest common divisor of t and o?
13
Suppose -3*y + 489 = 4*x, 3*x + 2*y + 0*y = 366. Let o = -171 + x. Let t = 91 + o. Calculate the greatest common divisor of t and 5.
5
Let x = 10 - -8. Suppose 22*v - 20 = x*v. Suppose 3 = 2*b - 5, b - 124 = -v*t. What is the highest common factor of t and 60?
12
Suppose -6*c = -11*c + 65. Let n be (1 + 6)*(-78)/18*-3. What is the greatest common divisor of n and c?
13
Suppose 3*n + 4*w - 7 = 12, 0 = -3*w + 3. Suppose -4*f + 172 = 32. Calculate the greatest common factor of f and n.
5
Let d be 10/(-4)*120/(-50). Let o be 7 - (-3 + d - 4). Suppose 0 = -2*b - 2*m + 6, 42 = 3*b - 2*m + o. Calculate the greatest common divisor of b and 12.
4
Let o = -9 + 4. Let k be (-2)/o + (-438)/(-30). Suppose 113*a = 136*a - 69. Calculate the greatest common divisor of k and a.
3
Let i = 25 + -7. Let a(w) = w**2 - 14*w - 95. Let v be a(-5). Suppose 5*c - i + 13 = v. Calculate the highest common divisor of 1 and c.
1
Suppose -2*x + 5*x = 9. Suppose -21 = -2*n - x*g, 5*n - g + 2*g = 72. Let r be (-12 + (4 - 4))/(-2). Calculate the greatest common factor of n and r.
3
Let i = 149 + -65. Suppose 54 = 4*t - 114. Calculate the highest common divisor of t and i.
42
Suppose 26 = 5*b - 2*h, -2*b + 7*h - 2*h = -23. Let q be -4 + (-2)/b*-296. Calculate the greatest common factor of q and 96.
48
Let f(y) = y**3 - y + 14. Let h be f(0). Suppose 2*a - 3*v - h - 31 = 0, 2*v + 24 = a. Let w = -4 + a. Calculate the greatest common divisor of 21 and w.
7
Let f(t) = t**3 - 11*t**2 - 23*t + 11. Let s be f(13). Let l(h) = -h**3 - h**2 + 13*h - 10. Let j be l(-5). Calculate the highest common divisor of s and j.
25
Let w = 365 + 6. Calculate the highest common divisor of w and 53.
53
Suppose 3*h - 2*h - 253 = -5*k, -3*h + k + 807 = 0. What is the greatest common divisor of h and 4?
4
Let b(x) = 6*x - 1. Let i be b(1). Suppose -i = -8*u + 3*u. Suppose 0 = -w + u + 12. Calculate the highest common divisor of 39 and w.
13
Suppose 4*b - b - 60 = 0. Calculate the highest common divisor of 25 and b.
5
Let z be (18 - 16) + (-24)/(-2). Let w(h) = h**3 - 14*h**2 + 3*h - 6. Let m be w(z). Calculate the greatest common divisor of m and 27.
9
Suppose 0 = 4*y - 1 - 7. Suppose -2*a - 313 = -3*v, v - y*a = 3*a + 100. Calculate the greatest common divisor of 70 and v.
35
Let x(s) = -s**3 + 3*s**2 + s - 3. Let p be x(6). Let z = p - -147. Calculate the highest common factor of 63 and z.
21
Suppose 11*i - 296 = 56. Calculate the greatest common factor of 24 and i.
8
Let p(d) = -2*d**2 + 153*d - 98. Let y be p(74). Calculate the highest common divisor of y and 32.
16
Let k(s) = s**2 - 6*s + 9. Let o be k(5). Let j be 2 + 8 - (-8 + o + 6). Calculate the highest common divisor of 1 and j.
1
Let b be 2/(-8) - 154/(-8). Let u(w) = -12*w - 81. Let l be u(-8). Suppose b - l = 4*m. Calculate the highest common divisor of m and 9.
1
Let i be -6*(3/((-27)/141) + 4). Calculate the greatest common divisor of i and 14.
14
Suppose 2*a = -4*y + 3568 + 3874, 0 = -y - 2*a + 1856. Calculate the greatest common factor of 98 and y.
98
Let t = 129 + -4. Let k = 39 + -14. Calculate the greatest common factor of k and t.
25
Suppose -k + 12 - 3 = 0. Let i be 10*((-252)/(-35) - 0). What is the highest common factor of i and k?
9
Suppose 3*p + 24 = 4*p - 4*y, 11 = 4*p + y. Let a be (-114)/(-9) + 1/3. Suppose -5*w = -153 + a. What is the greatest common divisor of w and p?
4
Let z be 2*170/(-80)*(1 - 25). What is the highest common divisor of z and 12?
6
Let v(r) be the third derivative of -r**6/120 + r**4/8 - 11*r**3/6 + 9*r**2. Let j be v(-5). What is the greatest common divisor of j and 9?
9
Suppose -5 = 5*w + 5. Let o = 9 + w. Let y(k) = -k + 11. Let p be y(10). Calculate the highest common factor of o and p.
1
Let m(p) be the third derivative of 3/4*p**4 - 1/60*p**5 + 0 - 4*p**2 + 0*p + 1/2*p**3. Let w be m(15). What is the highest common divisor of w and 72?
24
Let r(n) = 5*n - 16. Let z be r(6). What is the greatest common divisor of 378 and z?
14
Suppose -8*g = 7*g - 315. Calculate the highest common factor of g and 9.
3
Let v = -1136 + 1262. Calculate the highest common factor of v and 238.
14
Suppose 0 = -0*y - 4*y - 100. Let m(g) = 111*g + 497. Let q be m(-4). Let c = y + q. What is the greatest common factor of 42 and c?
14
Let a(s) = s**2 - 7*s + 2. Let c be a(7). Suppose 0 = 3*o, -x + 9 + 2 = c*o. What is the greatest common factor of x and 1?
1
Let b be -21 - -21 - (161*1 - -2). Let u = -143 - b. What is the highest common factor of u and 4?
4
Suppose -4*y + 33 - 21 = 3*x, x - 3 = -y. What is the highest common factor of 339 and y?
3
Suppose -6 = -3*o + 57. Let r = 226 + -400. Let g = 237 + r. What is the greatest common divisor of g and o?
21
Suppose -12 = m - 2*m. Let i = -52 - -82. Calculate the highest common factor of i and m.
6
Suppose -5*q = -4*p - q + 784, -4*q = -5*p + 980. What is the highest common divisor of p and 56?
28
Let v = -19 + 13. Let u be v/10 + 526/10. Let p be ((-13)/(-2))/(3/12). What is the highest common factor of u and p?
26
Let h = 409 + -388. Let l(o) = -o**3 + 3*o**2 + 5*o - 7. Let y be l(-5). What is the highest common factor of y and h?
21
Let j(v) = -v**3 + 19*v**2 - 8*v + 80. Let k be j(17). What is the highest common divisor of k and 18?
18
Let u(d) = -5*d + 14. Suppose -3*l = l + 68. Let x be u(l). Calculate the highest common factor of 33 and x.
33
Let i(u) = 3*u - 9. Let n be i(-7). Let y = n + 37. What is the greatest common factor of y and 56?
7
Let i = -23 - -27. Suppose 2*c + 3*j = -3*c + 174, c - i*j = 21